9) - -11048. Suppose -587 + u = 48*w. What is the remainder when w is divided by 55?
53
Let r(w) = -6*w - 9 + 2*w + 6*w. Calculate the remainder when ((-15)/9)/(255/(-459)) is divided by r(6).
0
Let f = 51 + -41. Suppose f*t = 20*t. Let r = t + 34. Calculate the remainder when 96 is divided by r.
28
Let l be (-109)/(-2) + (-111)/(-74). Suppose -53*o + l*o - 81 = 0. What is the remainder when 105 is divided by o?
24
Let x = 615 - 548. Calculate the remainder when 104 is divided by x.
37
Suppose -5332 = 12*i - 17416. Calculate the remainder when i/5 - 8/((-160)/12) is divided by 29.
28
Let h be (6/(-4))/(33/(-1342)). Suppose 0 = -3*v + 77 + h. Calculate the remainder when v is divided by 14.
4
Let t = -10 - 17. Let i = 64 + t. Calculate the remainder when i is divided by (-94)/(-5) + (144/20 - 7).
18
Let z(t) = 2*t**2 - 13*t + 20. Let k be z(10). Let r = k - 48. Let s = r + -16. Calculate the remainder when 50 is divided by s.
24
Let m be 2/(-3) - (-12124)/(-84). Let q = -83 - m. Calculate the remainder when q is divided by 22.
18
Suppose 399 + 175 = r - 3*x, -4*x = 8. What is the remainder when r is divided by 153?
109
Suppose 5*o - 25 = -0*o. What is the remainder when o is divided by (-5)/2 + 37 + (-252)/8?
2
Let t(i) = -5*i**2 - 82*i - 32. Let w be t(-16). Suppose -y + 4*o + 12 = -22, w = -y + 2*o + 28. What is the remainder when 87 is divided by y?
21
Let o(g) = 51*g**2 + g + 1. Let q be o(2). Suppose 5*w - q + 37 = 0. Let n = 32 + -19. What is the remainder when w is divided by n?
8
Suppose -13*s + 227 = -20. Suppose s - 60 = -k. Suppose -14 + 58 = 4*l. Calculate the remainder when k is divided by l.
8
Suppose 76896 = 3*c - 16*c + 67*c. Calculate the remainder when c is divided by 75.
74
Suppose 5*a - 2*l = -3*l + 42, -3*a + 36 = -3*l. Let g = 529 + -555. Let j(x) = -x**2 - 40*x - 333. What is the remainder when j(g) is divided by a?
4
Let u = -134 + 153. Let q(l) = -4*l + 1. Let a be q(u). Let k = a + 96. What is the remainder when 81 is divided by k?
18
Let l(m) = 15*m**2 - 66*m + 9. What is the remainder when l(7) is divided by 155?
127
Let d = 18 + -13. Let l(j) = 2*j + 68. Let i be l(-31). Suppose 8*y - i*y + 5*u = 24, 15 = y + u. Calculate the remainder when y is divided by d.
2
Suppose -f + 21 = -2*h - 2*h, -2*f + 22 = -4*h. Let w = 7 + h. Suppose -30*t + 28*t = 21*t - 69. Calculate the remainder when t is divided by w.
1
Let i be 179/2 - (-7)/(-28)*-2. Suppose -2*j - 3*j = 5*w - i, 18 = w - 3*j. Suppose -4*z - z + 30 = 0. What is the remainder when w is divided by z?
0
Suppose 6*h = 63 - 183. Let x(t) = t**2 + 13*t - 108. What is the remainder when x(h) is divided by 14?
4
Suppose 46*l = 29*l + 36057. What is the remainder when l is divided by 707?
0
Suppose 49 - 1 = 3*z. Suppose 29*l = 15*l + 434. What is the remainder when l is divided by z?
15
Let u = -621 - -957. Suppose 5*b - u = -4*o + 56, 3*o = 5*b + 329. What is the remainder when o is divided by 26?
25
Let a(f) = 2*f**2 + 21*f - 195. Let b = 3 - 0. Suppose -b*u = -8 - 13. What is the remainder when u is divided by a(6)?
1
Suppose 52*i - 105 = 155. Suppose -5*b + 2*v = -73, 2*v = -4*b + b + 31. Calculate the remainder when b is divided by i.
3
Suppose 2*h - 4*h - 176 = 0. Let s be (-1568)/h + (-4)/(-22). What is the remainder when (50/8)/(s/72) is divided by 9?
7
Suppose 3*g + 105 = -2*d, 4*d = 6*d - g + 109. Suppose 2*q + 34 + 36 = 0. Let z = q - d. What is the remainder when 51 is divided by z?
13
Suppose -z + 16 = -48. Suppose -19*g = -z*g + 42435. What is the remainder when g is divided by 59?
58
Let d(f) = -2*f**2 + 16*f + 7. Let x(m) = 5*m**2 - 2*m + 3. Let n be x(2). Suppose -h + 21 + n = 0. What is the remainder when h is divided by d(7)?
19
Let n = -4326 - -4421. What is the remainder when 2178 is divided by n?
88
Let w(f) = 23*f**2 + 34*f - 44. What is the remainder when 338 is divided by w(2)?
106
Suppose z = 2*l + 1 + 4, -5 = -z - 2*l. Suppose -3*c = -z*c + 40. What is the remainder when 19 is divided by c/5 - (1 + -2)?
4
Suppose 4*q - 54 = -3*w, 6298*w = 6297*w - 2. What is the remainder when 707 is divided by q?
2
Suppose 0 = -22*j - 61*j + 581. What is the remainder when 3366 is divided by j?
6
Let u(w) = -2*w + 13. Let z be u(9). Let i(c) = 3*c**2 - 6*c - 32. Let d be i(z). Let k = d - 4. Calculate the remainder when k is divided by 35.
34
Suppose -2*h + 494 = 5*d, 2*d = -5*h + d + 1143. What is the remainder when h is divided by 111?
5
Let n = 1433 + -776. Suppose -n = 6*u - 777. What is the remainder when 132 is divided by u?
12
Suppose 5*q + 9007 = -14723. Suppose -4*c + 5*c + x - 77 = 0, -4*x - 245 = -3*c. What is the remainder when c is divided by q/(-119) + (-4)/(-34)?
39
Let y(t) = t**2 + 12*t - 36. Let p be y(-15). What is the remainder when 120 is divided by p/6*1908/27?
14
Suppose -456 = -7*z - 1. Calculate the remainder when (-82)/(-3) + 1/(-3) is divided by ((-1)/1)/(-5) - (-637)/z.
7
Let k = 1474 + -1473. Calculate the remainder when 154 is divided by k.
0
Let p(f) = -7*f + 120. Let c be p(21). Calculate the remainder when 121 is divided by (-2)/9 + ((-3822)/c)/7.
1
Suppose 3*h - 2*h = 47. What is the remainder when (-372)/(-2) - (-23 - -28 - 6) is divided by h?
46
Suppose 282 = 4*x - h, h = -5*x + 120 + 228. Let y = x - 602. What is the remainder when (y/42)/(4/(-6)) is divided by 6?
1
What is the remainder when ((98 - 5) + 0)/(-1 - -2) is divided by ((-2)/(-5))/((-98)/(-11515))?
46
Let y = 21 - 3. Let q be 20/90 - (601/(-9) + -1). Suppose 0 = -2*g + q - 46. Calculate the remainder when y is divided by g.
7
Suppose 3*g = -3*g + 30. Let n(m) = -17*m + 102. What is the remainder when n(g) is divided by 12?
5
Suppose 4*x = -3*r + 8*x - 48, 2*x = -5*r - 54. Calculate the remainder when (-29)/174 + (-1286)/r is divided by 26.
3
Suppose 5*x - 3*h = 6*x + 247, h + 239 = -x. Let u = x + 436. Calculate the remainder when u is divided by 34.
31
Suppose -g + 34 = -d, 106 = 5*g - g + 2*d. Suppose -16 = -2*f + 4*z, 44 = 3*f - 2*z + z. What is the remainder when 3/(-24) - (-914)/f is divided by g?
28
Suppose 0 = -4*o + 2*y + 210, -2*o - 4 = -4*y - 106. Calculate the remainder when 182 is divided by o.
23
Let w(h) = h**2 + h. Let g(m) = -96*m**3 + 4*m**2 + 3*m + 1. Let y(b) = -g(b) + 5*w(b). Calculate the remainder when y(1) is divided by (-1)/(2 + 102/(-50)).
23
Suppose 13 - 53 = -2*g. Let i be 1 + 16 - (2 - (-4 + 8)). Suppose 13*u - 72 - i = 0. Calculate the remainder when g is divided by u.
6
Let s be ((-216)/30)/((-4)/10). Suppose 10*g - s*g = -1136. Calculate the remainder when g is divided by 24.
22
Let g(w) = 28*w**2 - 115*w + 236. Let q = 10 + 5. Calculate the remainder when g(2) is divided by q.
13
Let g be 17/4 - (-3)/(-12). Suppose m + 2*u + 4 = 0, g*m + u = 4 + 15. Let c = 121 + -86. Calculate the remainder when c is divided by m.
5
Calculate the remainder when 29*9 + -250 + 261 is divided by 133.
6
Suppose -12*h + 116 + 404 = 14*h. What is the remainder when 1/(-4) - (-562)/8 is divided by h?
10
Let f(p) = p**2 + 2*p - 3. Suppose 24 = h - 34*t + 31*t, 0 = -3*h - t + 72. What is the remainder when f(-8) is divided by h?
21
What is the remainder when 12 + (4 - 2) - 2 is divided by ((-20)/(-21) + 4/(-14))/((-50)/(-525))?
5
Suppose -1 = 2*w + 7, 5*g - 2 = -2*w. Suppose g*n - 14 = -4. Calculate the remainder when -7*((-6)/10 + (-2)/n) is divided by 2.
1
Calculate the remainder when 283 is divided by (2/6 - 0)/((-163)/(-43032)).
19
Let x(m) = -82*m - 5. What is the remainder when x(-4) is divided by 56?
43
Let b = -849 - -852. Let s(l) = 6*l**3 + 95 + 2*l**3 - 96. What is the remainder when s(1) is divided by b?
1
Let l(g) = 3*g**2 + 21*g - 76. Let p be -6*(-10)/150*(-55)/(-2). Calculate the remainder when l(p) is divided by 13.
11
Suppose -x = -1239*y + 1240*y - 264, 0 = 2*x + 22. Suppose -2*w + 0*w = -2*m + 150, 5*m - 4*w - 370 = 0. Calculate the remainder when y is divided by m.
65
Suppose -5*s + 1045 = -5*d, -2*d + 247 = 2*s - 171. Let y = -62 + s. Calculate the remainder when y is divided by 38.
33
Suppose 0*q = -q - 5*i + 69, 0 = 2*q + 4*i - 120. Let d be (48/18 - -5)*6. Suppose 60 = j + d. What is the remainder when q is divided by j?
12
Let b(t) = 10 - 10*t**2 + 3*t**2 + 8*t**2 - 6*t. Calculate the remainder when 32 is divided by b(5).
2
L